pose 3*r + 30 = -3*r. Let h = 8 + r. Suppose 0 = h*z + 4*g + 30 - 152, -2*z - 5*g = -79. What are the prime factors of z?
2, 3, 7
Suppose n = -2*n + 12. Let v be n - 1 - -87 - 1. Suppose v = 4*d - 59. List the prime factors of d.
37
Let m(a) = -a + 10. Let r be m(12). Let i be ((-296 - r)/(-3))/2. List the prime factors of 1729/i - 4/14.
5, 7
Suppose -75 = 53*n - 50*n. What are the prime factors of 42/(-7)*n/2?
3, 5
Suppose p - 4*d + 40 - 6 = 0, -5*d - 45 = 5*p. Let j = p - -19. Suppose -4*o = -5*t + 188, 3*t - 5 = -j*o + 130. What are the prime factors of t?
2, 5
Let w = 6531 + -2959. List the prime factors of w.
2, 19, 47
Let k(l) = 3*l - 6. Let h be k(4). Suppose 8*i = h*i + 94. Suppose -8 = -5*j + i. List the prime factors of j.
11
Suppose -4*s + 23 + 5 = 2*x, 0 = 4*s - 2*x - 12. Suppose 0 = 4*z + 30 - 46. Suppose -h + 40 = -4*p, -2*h - z*p + s + 51 = 0. List the prime factors of h.
2
Let b be (-1 - -1) + -4 + 9. Suppose b*p = 20, p + 8 = -4*j - p. What are the prime factors of j/(-7) - 2535/(-35)?
73
Let r be 30/(-4)*(-24)/18. Suppose -30 = 5*h - 3*p, 2*h = 7*h + 3*p. Let z = h + r. What are the prime factors of z?
7
Let d be ((-6)/14 - (-351)/182)*46. Suppose -5*q = -3*o - o - d, 5*q + 3*o = 97. What are the prime factors of q?
17
Let u(c) = c**2 - 2*c - 1. Let r be u(4). Let w(a) = 3*a - 8. Let i be w(r). Suppose i = b - 3. What are the prime factors of b?
2
Suppose 5*n + 2420 = -5*w + 15770, -8014 = -3*n + w. What are the prime factors of n?
2671
Let y(z) = -5*z. Let p be y(-1). Let q be 53 - (20/(-5) - (-8 - 0)). Suppose -q = -p*c + m, 5*m - m - 4 = 0. List the prime factors of c.
2, 5
Let x = -78 + 149. Suppose -3*s + x = 2*c - c, 3*c = 5*s + 171. List the prime factors of c.
2, 31
Let l = -33 + 58. Suppose -o = 4*o - l. Suppose o*r - 19 = 21. What are the prime factors of r?
2
Suppose 4*r - 4008 = 4*o, -2*r + 4*o + 1233 = -781. List the prime factors of r.
997
Suppose -8*b = -12*b + 4*l + 7096, -2*b = 4*l - 3566. What are the prime factors of b?
1777
Let q = 5854 + -3827. List the prime factors of q.
2027
Let w be (-3 - -2) + (3 - 3). Let r = 85 - w. What are the prime factors of r?
2, 43
Let t(b) = -b**3 + 9*b**2 + b + 2. Let q be t(-5). Let s = q - 247. Suppose -3*n + 90 = 3*a, 0*n + 4*n - a = s. List the prime factors of n.
2, 13
Suppose 2*w = -2*w - 320. Let k be (w/12 + 3)*-9. Suppose v + 2*v = -l + k, 5*v - 29 = -l. List the prime factors of l.
3, 13
Let u(i) be the second derivative of -i**3 - 3*i**2 - 8*i. Let c be u(-10). Let r = c + -11. List the prime factors of r.
43
Let h(j) = 5*j + 54. Let a be h(-10). Suppose u + a*r = -2*u + 51, 4*u - 2*r - 46 = 0. List the prime factors of u.
13
Let r(m) = m**2 - 9*m + 4. Let w be r(9). Suppose w*i = -5*x + 234, x + 8 = i - 46. What are the prime factors of i?
2, 7
Let t = 2 + 21. Let o = 230 + -221. Let y = o + t. What are the prime factors of y?
2
Let f(z) = -3*z**2 - z**2 + 12*z + 0 - 3 + 3*z**2. List the prime factors of f(10).
17
Let x(n) = 3*n + 53. Let m be 2 - 12/3 - -6. Suppose -m*b = -2*h + 8, -2 = -3*h + 6*h + b. What are the prime factors of x(h)?
53
Suppose 5 + 19 = 2*p. Let o = p + -10. Suppose -a = 4*t - 15 + o, a - 16 = -5*t. What are the prime factors of t?
3
Let h(k) = k**3 - 6*k**2 - 8*k + 10. Let x be 68/4 - -1 - 2. Suppose -x = -5*z + 19. List the prime factors of h(z).
3
Suppose 26*z = 5435 + 5823. List the prime factors of z.
433
Let b be (123 - (0 - 0))*(-1)/(-3). Suppose -34 = 3*q + 29. Let t = q + b. List the prime factors of t.
2, 5
What are the prime factors of (-9 - (-707)/77)*6127?
2, 557
Let m = 33 + -51. What are the prime factors of (6/m)/(2/(-510)*1)?
5, 17
Let y(q) = q**2 - 3*q - 15. Let p be y(7). Let h = p - -45. What are the prime factors of h?
2, 29
Suppose -2*x = 5*w - w - 24, -w - 2*x = -9. Suppose 69 + 141 = w*n. What are the prime factors of n?
2, 3, 7
Suppose -79 - 173 = 3*a. Let j = -43 - a. List the prime factors of j.
41
Let b = 69 - -11. Suppose 2*u - 3*z + b = 3*u, -2*z + 270 = 4*u. What are the prime factors of u?
5, 13
Let i(y) = -24*y**2 - y. Let l be i(-1). Suppose 8*n + 20*n - 1820 = 0. Let j = n + l. What are the prime factors of j?
2, 3, 7
Suppose -5*b - 174 = -3*l, -b + 2 = 5. Suppose h - l = 8. What are the prime factors of h?
61
Let v(o) = o**2 - 9*o - 6. Let b be v(10). Suppose s - 8 = 4*x, 5*s - 4*x - 4 = b. Suppose 2*t - 24 - 14 = s. What are the prime factors of t?
19
Suppose 0 = -3241*k + 3240*k + 2278. What are the prime factors of k?
2, 17, 67
Suppose -o + 208 = 3*o. Let n = 33 - o. Let t = n + 35. List the prime factors of t.
2
Suppose -2*r = -5*w - 35, 0*r - 3*r + 33 = -w. Let x = r - 14. Let f = 5 - x. What are the prime factors of f?
3
Let q be ((-46)/6 + 3)*-3. Let c = q - 14. Suppose 0 = -c*r + 2*r - 78. List the prime factors of r.
3, 13
Let d(a) = a + 3. Let m be d(-2). List the prime factors of (1/m)/(1/241).
241
Let s(g) = 26*g + 108. What are the prime factors of s(10)?
2, 23
Let w(h) = 2699*h**2 - 2*h + 3. Let v be w(1). Suppose -11*j = -j - v. What are the prime factors of j?
2, 3, 5
Let l(h) = h**2 + 15*h + 203. List the prime factors of l(36).
2039
Let c = -14 - 19. Let r = c + 70. What are the prime factors of r?
37
Let q(a) = -a - 3. Let d be q(-7). Suppose -d + 9 = -z. What are the prime factors of (9/z)/(4/(-60))?
3
Let k = -41 + 45. Suppose 4*x + 3*r = 106, -k = -x - 2*r + 20. What are the prime factors of x?
2, 7
Suppose 29*h - 120 = 24*h. Suppose -23*j - 86 = -h*j. What are the prime factors of j?
2, 43
Let k(p) = p + 7. Let q be k(-7). Suppose -4*j = -20, 4*y + 47 = -q*y - j. Let a = -4 - y. What are the prime factors of a?
3
Let z(m) = -80*m + 94. List the prime factors of z(-11).
2, 487
Suppose 3*s + 366 = -0*i - 3*i, 4*s - 3*i + 509 = 0. Let r = -179 - s. List the prime factors of (-56)/6*r/21.
2, 3
Let j(o) = -o**2 + 1. Let n be j(-1). Let y(q) = q**3 + 2*q + 146. What are the prime factors of y(n)?
2, 73
Let w(j) be the second derivative of -j**5/20 + 3*j**4/4 + 2*j**3 - 7*j**2/2 - 24*j. List the prime factors of w(10).
13
Let c be ((-26)/5 + 6)*(-5)/(-1). Suppose 2*j - 147 = -3*k + 2*k, c*j - 4*k = 312. List the prime factors of j.
3, 5
Let j(v) = -v**3 - 3*v**2 + 2*v - 3. Let k(z) = z**3 + 2*z**2 + z - 2. Let s be k(-2). Let p be j(s). Suppose p*d - 66 = -11. What are the prime factors of d?
11
Let a = -2 + 4. Suppose 3*o - 5*o = 0, -3*o - 18 = -a*f. Suppose 0 = f*k - 4*k - 300. What are the prime factors of k?
2, 3, 5
Let b(z) = -z**3 - 23*z**2 - z - 19. Let m be b(-23). List the prime factors of (-4 - (-5 - m))*51.
3, 5, 17
Suppose 11*u - 171 = 10*u. Let s = u + 0. Suppose 0 = -5*b - 2*t + s, 2*t + 156 = 5*b - t. What are the prime factors of b?
3, 11
Suppose 7 = -z + 2*p + 26, 3*z = 2*p + 37. Suppose -5*y + z*y = 352. List the prime factors of y.
2, 11
Let m(g) = -g**3 + 7*g**2 - g + 9. Let b be m(7). Let r = 87 + -27. Suppose 0 = 4*i + a - 85, -b*a = 4*i - i - r. List the prime factors of i.
2, 11
Let z(l) = 230*l - 43. List the prime factors of z(4).
877
Suppose 0 = 3*o + 2*y - 2078, 1398 = 8*o - 6*o - 5*y. List the prime factors of o.
2, 347
Let r be ((-10)/(-6))/(2/(-6)). Let z be 34 - -1 - (4 + r). Let y = z - 6. List the prime factors of y.
2, 3, 5
Let g = 44 + -44. Suppose 0 = 4*z + y - 656, -4*y + g*y + 831 = 5*z. List the prime factors of z.
163
Let o(r) = r**2 + 15*r - 35. What are the prime factors of o(22)?
19, 41
Suppose 6 = 2*s - 2*z, 2*s - 4*z - 10 = -0*z. List the prime factors of ((-46)/4)/(s/(-8) - 0).
2, 23
Let o(z) = z + 2. Let w(q) be the first derivative of -q**4/4 - 13*q**3/3 - 6*q**2 + 12*q - 7. Let j be w(-12). List the prime factors of o(j).
2, 7
Let o(v) = -2*v**3 - 10*v**2 + 4*v + 10. Let n be o(-5). What are the prime factors of 226 + (-1)/(-2)*n?
13, 17
Let g = 11 - 6. Suppose -4*t - 34 = g*q + 11, -3*t = 2*q + 39. What are the prime factors of (-2)/(-3) + (-665)/t?
3, 5
Let q(y) = -5*y + 33. Let u be q(-11). Suppose -49*f + 45*f + u = 0. What are the prime factors of f?
2, 11
Let s = -544 - -3239. List the prime factors of s.
5, 7, 11
Let s(g) be the third derivative of -g**4/8 - 13*g**2. Let q be s(-12). What are the prime factors of (q/5)/((-28)/(-70))?
2, 3
Suppose s - 151 = -4*k - 73, -42 = -s + 5*k. What are the prime factors of s?
2, 31
Let f(z